= -8*x + 3590. Calculate the remainder when x is divided by 14.
13
Let l be 96/40 - 3/(-5). Suppose -l*s + 48 = -2*s. Calculate the remainder when s is divided by (-4)/(-14) + (-623)/(-49).
9
Let p(q) = -5*q**2 - 12*q - 4. Let j(w) = 6*w**2 + 11*w + 4. Let t(o) = -2*j(o) - 3*p(o). What is the remainder when t(5) is divided by 38?
35
Let j = -337 - -359. Let d(u) = 9*u**2 - 1. Calculate the remainder when j is divided by d(1).
6
Let j(o) = -o**3 + 11*o**2 + 38*o - 8. Calculate the remainder when j(13) is divided by 44.
16
Suppose -240 = -5*u - 2*p, -2*p - 391 = 3*u - 531. Let q = 5 - -4. What is the remainder when u is divided by q?
5
Suppose -1171*t - 4480 = -1191*t. Calculate the remainder when t is divided by 18.
8
Let y(g) = 4*g + 7. Let q = -31 + 31. Calculate the remainder when 19 is divided by y(q).
5
Calculate the remainder when 394 + (-1*7 - (27 + -31)) is divided by 14.
13
Suppose 677 = 45*h - 1888. Calculate the remainder when 681 is divided by h.
54
Let p(z) = z**2 + 3*z + 1. Let h be p(-4). Suppose -7 = -h*s + 8. Suppose s*b - 2 = -2*x - 0*b, x = -3*b - 2. What is the remainder when 19 is divided by x?
3
Suppose b + 5*m = 18, 2*b - 4*m + 40 = 6*b. Calculate the remainder when 102 is divided by b.
6
Suppose 7344 = 126*c - 75*c. What is the remainder when 150 is divided by c?
6
Let u(i) = 2*i**3 + 2*i**2 - 3*i - 2. Let b be u(-2). What is the remainder when 1*85/(b - -5) is divided by 22?
19
Let r be ((-18)/15)/((-1)/(-40)). What is the remainder when 51 is divided by ((36/8)/(-3))/(4/r)?
15
Let j(o) = 2*o**2 + 3*o - 2. Let k be j(1). Suppose 0 = -3*h, l - k*h = -h + 19. Calculate the remainder when 75 is divided by l.
18
Suppose -14*c + 17*c = -6. What is the remainder when 9 is divided by ((-6)/(-10))/((0 + c)/(-10))?
0
What is the remainder when 163 is divided by (-6 + 11/2)*-86?
34
Let y be (8 + 3)*(0 + -4). Let l be 18/(4 + y/8). Calculate the remainder when (-18 - l)*(-2)/4 is divided by 2.
1
Let x be (378/(-35))/(3/(-10)). Suppose -x = -o + 6. Let g = -34 + 45. What is the remainder when o is divided by g?
9
Let m be (-4)/(-14) + -22*18/(-84). Suppose 2*r = -3*r + 15. Suppose -r*t = -w, 3*w + 2*t - 30 = m*t. Calculate the remainder when 43 is divided by w.
13
Let n(l) = 79*l + 326. Calculate the remainder when 28 is divided by n(-4).
8
Let o(u) = 16*u**2 + 3*u - 10. Let b be o(-4). Let r = b + -161. Calculate the remainder when r is divided by 25.
23
Let s = -14 + 21. Let w(n) = 66*n - 48. What is the remainder when w(1) is divided by s?
4
Let z be -2 + 1 + 4 - 1. Suppose 5*r - 85 = -3*f, 5*f - z*r = 3*r + 115. Let a = -15 - -29. Calculate the remainder when f is divided by a.
11
Suppose 7*t = 4*t + 612. Suppose -5*k + t - 69 = 0. Calculate the remainder when k is divided by 15.
12
Suppose -143 - 234 = -13*j. What is the remainder when 404 is divided by j?
27
Let t = -1 - -6. Suppose -3*g = -t*g + 66. What is the remainder when g is divided by 12?
9
Let u(z) = 5*z + 5. Let p(q) = -11*q - 9. Let s(n) = 6*p(n) + 13*u(n). Let x be s(12). Calculate the remainder when 15 is divided by -8*((-12)/8 - x).
3
Let f be (-6)/1*(-2)/4. Let u = 6 - f. Calculate the remainder when (-10 + 21 + -12)/((-1)/4) is divided by u.
1
Suppose 67 = -133*r + 2993. Calculate the remainder when 359 is divided by r.
7
Let j(r) = -r**3 + 9*r**2 + 10*r + 34. What is the remainder when 56 is divided by j(10)?
22
Let h(s) = -s**3 + 8*s**2 + 34*s + 8. What is the remainder when 112 is divided by h(11)?
17
Suppose -2*h + 100 = 24. Let n = -140 - -160. Calculate the remainder when h is divided by n.
18
Suppose 2*l = 4*y + 226, y - 4*l = -25 - 49. Calculate the remainder when 154 is divided by (-72)/y*(9 - 0).
10
Let b = -260 + 275. Calculate the remainder when 72 is divided by b.
12
Suppose 11*j - 27 = 8*j. Suppose 5*h - 10 = -0*h. Suppose 2*l - 100 = -h*l. What is the remainder when l is divided by j?
7
What is the remainder when (-19)/(6 + 114/(-18)) is divided by 32?
25
Suppose -4*i - t = -3*i - 12, 4*i - t = 23. Let y(c) = -64*c - 6 - 3*c**2 + 4*c**2 + 60*c. What is the remainder when y(i) is divided by 6?
3
Suppose -y + 0 = -3*u + 1, 0 = 3*y + 3. Suppose u = 3*d - 12*d + 99. What is the remainder when 65 is divided by d?
10
Suppose -2479 - 721 = -25*u. What is the remainder when u is divided by 62?
4
Suppose t = b - 4*t - 118, 3*t + 112 = b. Let f = 3 - -23. What is the remainder when b is divided by f?
25
Let o(h) = -26*h + 11. Suppose 2*u - 120 = -2*u. Calculate the remainder when o(-3) is divided by u.
29
Suppose 4*c = -4*o + 12, 0 = -5*o - 2*c + 22 - 10. Suppose u - 5*u = -p - 65, 0 = o*u + 4*p - 28. What is the remainder when u is divided by 9?
7
Let j = -562 + 600. What is the remainder when j is divided by 13?
12
Let f(u) = -7*u + 48. Let k be f(18). Let i = k - -86. What is the remainder when 28 is divided by i?
4
Suppose 5*b = -3 - 2. Let z(c) = -4*c. Let h(x) = 1. Let n(w) = b*z(w) + 4*h(w). What is the remainder when 34 is divided by n(2)?
10
Let k(o) = 2*o + 40. Let l be k(-5). Suppose -412 = -34*z + l*z. What is the remainder when z is divided by 55?
48
Let q = 234 - 141. Suppose 0 = 5*i + m - 66, 5*m = 2*m + 3. Suppose -i + q = 4*w. What is the remainder when 58 is divided by w?
18
Let c = 835 + -822. Calculate the remainder when 596 is divided by c.
11
Let b = 265 + -154. Suppose -b = 16*r - 19*r. What is the remainder when r is divided by 20?
17
Suppose 0 = y - 6*y - 4*g + 20, 0 = -3*y - 4*g + 12. Suppose 0 = -4*q - y*q + 1304. Calculate the remainder when q is divided by 42.
37
Let f = -99 - -103. Let s(y) = y**3 - 2*y**2 - 2*y - 2. Calculate the remainder when 107 is divided by s(f).
19
Suppose 9*s - 3321 = -18*s. Calculate the remainder when s is divided by 57.
9
Let k = 9 + 3. Suppose 154 = 3*p - 5*y, 32*y - 37*y - 212 = -4*p. What is the remainder when p is divided by k?
10
Suppose 0 = -9*x + 200 - 47. What is the remainder when 167 is divided by x?
14
Let s(v) = 6*v**2 - 15*v + 30. Let m be s(7). Let h = m - 147. Calculate the remainder when h is divided by 37.
35
Let v = 12 + -32. Let q = 28 + v. Suppose 5*c - 28 = -q. What is the remainder when 5 is divided by c?
1
Let w(p) = -185*p + 10. What is the remainder when w(-1) is divided by 67?
61
Let x(r) = 2*r**3 - 4*r**2 + 2*r + 2. Let n be x(2). Let d = -35 + 55. Suppose 4*k - 32 = b, 0 = -n*b + b + d. What is the remainder when 17 is divided by k?
8
Let a(q) = 2*q + 4. Let c be a(-2). Suppose 353 = 3*w + 5*o, o - 625 = -c*w - 5*w. Calculate the remainder when w is divided by 33.
27
Calculate the remainder when 18 is divided by ((-20)/14)/(16 + (-1482)/91).
3
Let w = -62 - -67. Suppose -4*m + 62 = -3*c + w*c, 4*c - 26 = -m. Calculate the remainder when 41 is divided by m.
13
Suppose 4*m + 39 = -3*n, -3*m - 19 = -m + n. Suppose -3*h - 15 = -2*h. Let q = m - h. What is the remainder when q is divided by 4?
2
Suppose i = -5*y + 23, 3*y - 5*y + 115 = 5*i. Calculate the remainder when 1308 is divided by i.
20
Let d(t) = t**3 + 5*t**2 - 6*t - 2. Let a be d(-6). Let u(y) = -y**3 - 3*y - 1. What is the remainder when u(a) is divided by (0 - (-5 - -2)) + 5?
5
Let m = 6 - -7. Suppose 6*u = 5*n + 3*u - 15, 0 = u. What is the remainder when m is divided by n?
1
Let f = -277 - -470. Suppose 4*j + 13 = -5*b, 3*b - 13 + 31 = j. Suppose -j*d + 5*d - 2*a = 92, 5*a - f = -4*d. Calculate the remainder when d is divided by 16.
15
Let j = -199 + 99. Let o = -66 - j. Calculate the remainder when 66 is divided by o.
32
Suppose -2*k - k + 12 = 0. Suppose 5*u + 33 = 3*j, -3*j - k*u - 6 = -2*j. Let h = 23 - j. Calculate the remainder when h is divided by 6.
5
Let q be 15030/99 + (-2)/(-11). Suppose 0 = 4*p + 4*p - q. Calculate the remainder when 35 is divided by p.
16
Suppose 0 = -4*c + 20 + 76. Suppose 0 = 5*h - 4*f - 55, 0 = -4*f + 2*f. Let w = h - -36. What is the remainder when w is divided by c?
23
Let o = -7 + 8. Let v(i) = 10*i**3. Calculate the remainder when 47 is divided by v(o).
7
Let s = 223 + -182. What is the remainder when s is divided by 14?
13
Suppose 0 = -5666*h + 5682*h - 608. Let f(n) = 4*n + 1. What is the remainder when h is divided by f(1)?
3
Let y(h) = -h**2 - 6*h - 4. Let q be y(-4). Let r(p) = p**3 - 3*p**2 - 5. Let a = 46 - 27. Calculate the remainder when a is divided by r(q).
8
